e the prime factors of 68964?
2, 3, 7, 821
What are the prime factors of 7510161?
3, 2503387
What are the prime factors of 3010670?
2, 5, 13, 23159
List the prime factors of 731780.
2, 5, 7, 5227
What are the prime factors of 1688325?
3, 5, 22511
What are the prime factors of 30201?
3, 10067
List the prime factors of 12367688.
2, 29, 53309
List the prime factors of 296395.
5, 11, 17, 317
List the prime factors of 7609114.
2, 1777, 2141
List the prime factors of 1203214.
2, 601607
List the prime factors of 1015706.
2, 263, 1931
What are the prime factors of 14161557?
3, 107, 157, 281
List the prime factors of 12825179.
12825179
List the prime factors of 1394.
2, 17, 41
What are the prime factors of 36408?
2, 3, 37, 41
What are the prime factors of 238233?
3, 79411
List the prime factors of 3471559.
7, 13, 38149
List the prime factors of 371640.
2, 3, 5, 19, 163
List the prime factors of 866308.
2, 216577
List the prime factors of 1005555.
3, 5, 43, 1559
What are the prime factors of 582370?
2, 5, 58237
List the prime factors of 8900710.
2, 5, 7, 13, 9781
List the prime factors of 3061491.
3, 37, 27581
List the prime factors of 1121310.
2, 3, 5, 4153
List the prime factors of 3172649.
3172649
List the prime factors of 53193.
3, 7, 17, 149
What are the prime factors of 822011?
822011
List the prime factors of 1214748.
2, 3, 41, 823
What are the prime factors of 8057066?
2, 4028533
List the prime factors of 421930.
2, 5, 42193
What are the prime factors of 60810?
2, 3, 5, 2027
What are the prime factors of 1264707?
3, 31, 1511
What are the prime factors of 27070599?
3, 9023533
What are the prime factors of 3907739?
11, 17, 20897
What are the prime factors of 3654242?
2, 1123, 1627
What are the prime factors of 1306452?
2, 3, 7, 103, 151
What are the prime factors of 1386720?
2, 3, 5, 107
List the prime factors of 1011604.
2, 11, 83, 277
List the prime factors of 5415498.
2, 3, 11, 1013
What are the prime factors of 13838194?
2, 19, 53, 6871
List the prime factors of 299221.
13, 23017
What are the prime factors of 764769?
3, 19, 13417
List the prime factors of 379474.
2, 17, 11161
What are the prime factors of 273158?
2, 61, 2239
List the prime factors of 154143.
3, 11, 173
List the prime factors of 8647447.
8647447
List the prime factors of 4077799.
11, 19, 109, 179
List the prime factors of 1519843.
13, 116911
What are the prime factors of 1406086?
2, 11, 63913
List the prime factors of 769949.
151, 5099
What are the prime factors of 2000137?
929, 2153
List the prime factors of 1452438.
2, 3, 13, 2069
What are the prime factors of 2025317?
7, 41333
List the prime factors of 623985.
3, 5, 17, 2447
List the prime factors of 931721.
7, 133103
List the prime factors of 42007.
7, 17, 353
List the prime factors of 2304.
2, 3
List the prime factors of 3092893.
3092893
List the prime factors of 4604673.
3, 79, 19429
List the prime factors of 37134.
2, 3, 2063
What are the prime factors of 13347631?
11, 110311
What are the prime factors of 18844?
2, 7, 673
List the prime factors of 1299919.
1299919
List the prime factors of 21966.
2, 3, 7, 523
What are the prime factors of 736868?
2, 11, 16747
What are the prime factors of 211804?
2, 52951
List the prime factors of 95232.
2, 3, 31
List the prime factors of 939872.
2, 23, 1277
What are the prime factors of 375535?
5, 19, 59, 67
What are the prime factors of 15533802?
2, 3, 347, 829
List the prime factors of 76129.
76129
List the prime factors of 563796.
2, 3, 15661
What are the prime factors of 122225?
5, 4889
What are the prime factors of 156701?
349, 449
List the prime factors of 533711.
533711
What are the prime factors of 5271056?
2, 7, 19, 2477
List the prime factors of 3405834.
2, 3, 59, 1069
List the prime factors of 18193178.
2, 9096589
What are the prime factors of 1496329?
193, 7753
What are the prime factors of 1137016?
2, 311, 457
What are the prime factors of 233164?
2, 71, 821
What are the prime factors of 60790?
2, 5, 6079
List the prime factors of 169126.
2, 103, 821
What are the prime factors of 109625?
5, 877
List the prime factors of 1603296.
2, 3, 19, 293
What are the prime factors of 1167322?
2, 13, 17, 19, 139
List the prime factors of 374821.
31, 107, 113
List the prime factors of 245238.
2, 3, 7, 5839
List the prime factors of 16034900.
2, 5, 7, 22907
List the prime factors of 5562831.
3, 1854277
List the prime factors of 34240504.
2, 73, 58631
List the prime factors of 6893285.
5, 7, 37, 5323
List the prime factors of 11414075.
5, 163, 2801
What are the prime factors of 1680317?
1680317
What are the prime factors of 478450?
2, 5, 7, 1367
What are the prime factors of 27812116?
2, 6953029
What are the prime factors of 585370?
2, 5, 58537
List the prime factors of 182722.
2, 103, 887
List the prime factors of 1671443.
1671443
List the prime factors of 326204.
2, 81551
What are the prime factors of 124960?
2, 5, 11, 71
What are the prime factors of 28374786?
2, 3, 11, 15923
List the prime factors of 2958768.
2, 3, 761
List the prime factors of 745124.
2, 109, 1709
What are the prime factors of 463013?
23, 41, 491
What are the prime factors of 226622?
2, 11, 10301
List the prime factors of 187095.
3, 5, 12473
List the prime factors of 1042594.
2, 7, 74471
List the prime factors of 2014060.
2, 5, 100703
What are the prime factors of 135569?
7, 107, 181
What are the prime factors of 24695580?
2, 3, 5, 7, 13, 4523
What are the prime factors of 8804838?
2, 3, 7, 209639
What are the prime factors of 100299?
3, 67, 499
What are the prime factors of 434406?
2, 3, 7, 10343
What are the prime factors of 200908?
2, 50227
List the prime factors of 523324.
2, 41, 3191
List the prime factors of 721248.
2, 3, 11, 683
List the prime factors of 1983856.
2, 7, 17713
What are the prime factors of 6735939?
3, 7, 320759
What are the prime factors of 15180628?
2, 3795157
What are the prime factors of 142826?
2, 71413
What are the prime factors of 1395745?
5, 13, 109, 197
What are the prime factors of 1387338?
2, 3, 231223
What are the prime factors of 2406084?
2, 3, 19, 61, 173
What are the prime factors of 226123?
226123
List the prime factors of 2074932.
2, 3, 57637
List the prime factors of 13543960.
2, 5, 19, 71, 251
What are the prime factors of 7871010?
2, 3, 5, 7, 37, 1013
List the prime factors of 238140.
2, 3, 5, 7
List the prime factors of 5878428.
2, 3, 489869
What are the prime factors of 22961131?
22961131
List the prime factors of 193433.
193433
What are the prime factors of 892183?
19, 46957
List the prime factors of 2475196.
2, 618799
What are the prime factors of 303547?
303547
List the prime factors of 227973.
3, 75991
What are the prime factors of 2841025?
5, 11, 10331
What are the prime factors of 848881?
11, 77171
What are the prime factors of 487614?
2, 3, 181, 449
What are the prime factors of 176594?
2, 11, 23, 349
What are the prime factors of 1161713?
7, 67, 2477
What are the prime factors of 9151911?
3, 1016879
List the prime factors of 1894770.
2, 3, 5, 37, 569
List the prime factors of 337569.
3, 17, 6619
What are the prime factors of 166369?
7, 23767
List the prime factors of 65467.
17, 3851
What are the prime factors of 181888?
2, 7, 29
What are the prime factors of 212399?
11, 19309
What are the prime factors of 381249?
3, 11, 3851
List the prime factors of 79477.
19, 47, 89
What are the prime factors of 10096212?
2, 3, 7, 120193
What are the prime factors of 54146?
2, 27073
What are the prime factors of 21426097?
7, 11, 278261
List the prime factors of 18816.
2, 3, 7
What are the prime factors of 197591?
17, 59, 197
List the prime factors of 5735325.
3, 5, 76471
What are the prime factors of 48246?
2, 3, 11, 17, 43
List the prime factors of 1994092.
2, 498523
List the prime factors of 1483113.
3, 43, 11497
What are the prime factors of 7777064?
2, 972133
List the prime factors of 228962.
2, 239, 479
What are the prime factors of 345277?
193, 1789
List the prime factors of 1112202.
2, 3, 7, 13, 97
What are the prime factors of 794934?
2, 3, 7, 701
List the prime factors of 130660.
2, 5, 47, 139
List the prime factors of 2336305.
5, 467261
What are the prime factors of 6439184?
2, 37, 73, 149
What are the prime factors of 489917?
37, 13241
What are the prime factors of 2